 remainder when m is divided by 3?
1
Calculate the remainder when 2 + 806/10 + 284/710 is divided by 18.
11
Let h = -22 - -27. Let v = -39 + 66. Let k = v - 10. Calculate the remainder when k is divided by h.
2
Let n be (20/25)/(2/30). Suppose -13*h + n*h + 5*f + 62 = 0, h = -3*f + 38. What is the remainder when h is divided by 6?
5
Let v = -199 - -776. Calculate the remainder when v is divided by 53.
47
Suppose -21 = 7*l - 42. What is the remainder when 49 is divided by l?
1
Suppose -4*k = -b + 8, 3*k - 5*k = 8. What is the remainder when 64 is divided by 615/55 - b/(-44)?
9
Let v = 463 - 350. Calculate the remainder when v is divided by 10.
3
Suppose -181 + 566 = 11*c. What is the remainder when c is divided by 6?
5
Let u(h) = 10*h + 299. Calculate the remainder when 220 is divided by u(-23).
13
Suppose 4*p + 124 = 3*n, 2*n - p = 79 + 7. Let q = 71 - n. Let z = q + 14. Calculate the remainder when z is divided by 14.
13
What is the remainder when (320/150)/(-16) + 797/15 is divided by 28?
25
Let n = -84 - -84. Suppose -g = -5*f + 35, 7*g - 2*g + 25 = 0. Calculate the remainder when 16 - (n - (0 - -1)) is divided by f.
5
Suppose -5*x + 19 = -k, -3*x + 0*x + 4*k = -25. Calculate the remainder when x*(-3)/(-9) - -13 is divided by 9.
5
Suppose 6*y - 25 = y. Suppose -i + 2*i = -y*r + 19, -4*r - 19 = -3*i. Calculate the remainder when 1/(-3) - (-196)/12 is divided by i.
7
Let t = -3 - -5. What is the remainder when 39 is divided by 7/(20/8 - t)?
11
Let s = -16 - -22. Suppose 5*u = -3*j + 36, 5*j - 1 + 3 = 2*u. Let a(q) = q**3 - 5*q**2 - 3*q + 5. Calculate the remainder when a(u) is divided by s.
5
Let n = 136 - 119. Let f(j) = 2*j**2 + 1. What is the remainder when n is divided by f(-2)?
8
Let c(y) = 109*y**2 + 4*y - 3. Let v be c(1). Let n = v + -48. What is the remainder when -3 + (3 - 3) + n is divided by 12?
11
Suppose 30 - 35 = -u, -4*u + 1572 = 4*v. Calculate the remainder when v is divided by 39.
37
Suppose -2*k + 6 + 0 = 0. Let y = 2 + k. Suppose -74 = -2*x + p, -58 - 78 = -4*x + y*p. What is the remainder when x is divided by 10?
9
Let k(b) = -2*b + 4. Let n be k(2). Suppose -2*w = -n*w - 42. Calculate the remainder when 39 is divided by w.
18
Let r = -3 - -8. Let s = 61 - r. What is the remainder when s is divided by 15?
11
Calculate the remainder when 120 is divided by (-27)/162 + 988/24.
38
Suppose 5*y - 15 = 0, -3*m - 31*y = -33*y - 807. Calculate the remainder when m is divided by 91.
89
Suppose 0 = r - 3*v - 123, -38*r - 4*v + 102 = -37*r. Calculate the remainder when r is divided by 34.
12
Let d be ((-15)/(-2)*-2)/(3/(-3)). Suppose d = -u + 6*u. Calculate the remainder when 10 is divided by u.
1
Suppose -1864 = 221*l - 225*l. Calculate the remainder when l is divided by 36.
34
Suppose -w - 6050 = -56*w. What is the remainder when 150 is divided by w?
40
Let k = 657 - 617. Calculate the remainder when 156 is divided by k.
36
Let o(g) = g**3 + 2*g - 173 + 10*g**2 + 180 + 0*g**3. Let x be o(-10). What is the remainder when 15 is divided by (-1 + (x - -2))/(-2)?
3
Let w(k) = -k**3 + 9*k**2 - 33. What is the remainder when (-4)/((-32)/732) - 2/4 is divided by w(8)?
29
Let j(v) = -8*v - 5. Suppose 3*k - 2*d = -d + 105, d = -5*k + 183. Suppose -3*g + k = -9. Calculate the remainder when j(-4) is divided by g.
12
Calculate the remainder when 87 is divided by (1932/(-105))/((-24)/10 - -2).
41
Suppose 4*j + 2*s = 0, 0*s - 3*s = 5*j. Let p(r) = r**3 - 3*r**2 - r + 46. Calculate the remainder when p(j) is divided by 7.
4
Let w = 24 - 14. Let i = w + 9. Calculate the remainder when i is divided by 13.
6
Let t = -740 - -1107. What is the remainder when t is divided by 37?
34
Let s = -14 + -15. Calculate the remainder when (s/4)/((-3)/48) is divided by 30.
26
Suppose -41*q = -29*q - 444. Suppose 0 = 4*f + 2*k - 60, 5*k - 54 = -4*f + 18. What is the remainder when q is divided by f?
11
Let d(z) = 128*z**3 - z**2 + 2*z - 1. Let r be d(1). Let v = r - 90. Let j(o) = 10*o + 60. Calculate the remainder when v is divided by j(-5).
8
Let p(c) = -c**3 + 13*c**2 - 23*c + 18. Calculate the remainder when 34 is divided by p(11).
6
Suppose 35 = a + 4*y, 0 = 5*a - 8*y + 3*y - 250. Let x be 2/(-2 + 1 + 0). Calculate the remainder when a is divided by 32/(-6)*(x + -1).
15
Let p = -1322 + 1330. Calculate the remainder when 23 is divided by p.
7
Let a = -13 + 31. Suppose -x = 4*p - 25, a = x - 0*p - 3*p. What is the remainder when 81 is divided by x?
18
Let h = 23 + -14. Calculate the remainder when 2/(-11) - (9 + 266/(-11)) is divided by h.
6
Suppose -3 = 3*q + q + 3*s, -q - 5*s - 5 = 0. Suppose 4*p - 10 - 110 = q. What is the remainder when p is divided by 11?
8
Let b(q) = -q**3 + 3*q**2 + 6*q - 2. Let z be b(4). Suppose -z*n + 2*n + 84 = 0. Let u = n + -13. What is the remainder when 39 is divided by u?
7
Suppose -14 = 5*k - r, -k + 0*r + 2 = -5*r. What is the remainder when 16 is divided by k - (-1 - -1) - -9?
4
Let p be (-45)/(-6)*2/3*1. Suppose -3*n - 63 = -2*x - 0*n, p*x - 141 = 2*n. Calculate the remainder when x is divided by 14.
13
Let m(c) = c**3 + 10*c**2 + 11*c - 2. Let v be m(-5). Let u = v - -12. Calculate the remainder when u is divided by 27.
26
Let m = -163 + 115. Let l = m + 28. Let t = -10 - l. What is the remainder when 29 is divided by t?
9
Let i(k) = 56*k**3 + 2*k**2 + k - 2. Let o be i(1). Suppose -b = r - 4*r + o, 4*r = -5*b + 57. What is the remainder when r is divided by 9?
0
Suppose 0*y - 2*y - 1 = 3*n, -5*y = -3*n + 13. Suppose -193 = -2*i + n. What is the remainder when i is divided by 25?
22
Let h be (8 + -2)*7/21. Let a(j) = -3*j**3. Let d be a(-1). Suppose -d*w + h = -1. What is the remainder when w is divided by 1?
0
Suppose -8*f + 34 - 2 = 0. What is the remainder when (f/(-12))/((-1)/3)*11 is divided by 3?
2
Calculate the remainder when (-1004)/(-1) + 9*14/(-21) is divided by 100.
98
Let k = 9 + -11. Let q be 6/k + 25 + 3. Suppose 5*j + 2*s = 126, 4*s = 3*j - q - 35. Calculate the remainder when j is divided by 13.
11
Let d = -46 + 97. What is the remainder when 99 is divided by d?
48
Let c(i) = -i**2 - 10*i + 4. Let j be c(-10). Suppose 0 = j*f - 1 - 19, 3*r - 22 = 4*f. Suppose 5*a + 13 = 213. What is the remainder when a is divided by r?
12
Let m = -1266 + 1410. What is the remainder when m is divided by 12?
0
Suppose -r + 3*m + 31 = 0, 74 = 2*r + 2*m + 20. Suppose 4*w = 2*c + 28, -2*c = -5*w + r + 5. What is the remainder when 12 is divided by w?
2
Suppose -2*m - 2*r = -356, -r + 544 = 3*m - 0*r. What is the remainder when m is divided by 23?
22
Let b(o) = -o**2 - 14*o - 11. Let q be b(-13). Let i(s) = -9*s**2 + 4*s**q + 1 + 3*s + 9*s + 4*s**2. Calculate the remainder when 111 is divided by i(9).
27
Suppose 11*t + 56 = 19*t. Let z(b) = 3*b. Let q be z(1). Suppose -q*v + 40 = t. What is the remainder when 21 is divided by v?
10
Calculate the remainder when -47*(24 - 23 - (4 - 2)) is divided by 33.
14
Suppose -5*n - 3*w + 17 = 0, 5*n + 3 = -w + 3*w. Suppose -4*d + 16 = -2*d. Calculate the remainder when 21 is divided by ((-9)/(-12))/(n/d).
3
Let w = 447 - -17. What is the remainder when w is divided by 78?
74
Let d be (-21)/14 - 49/(-2). Let t = d + -6. What is the remainder when t is divided by ((-10)/(-15))/(4/54)?
8
Suppose -3*l = 192 - 798. Calculate the remainder when l is divided by 41.
38
Suppose 80 = 4*c - 4*h + h, -3*h = -c + 20. Suppose 2*n = -0*n - 4. What is the remainder when (-624)/100*(-5)/n*-5 is divided by c?
18
Let s(r) = -2*r + r + 0*r**2 + 2*r**2 + 2*r. Suppose 3*k + 4*v - 179 = 0, -2*k + 303 = 3*k + 2*v. What is the remainder when k is divided by s(3)?
19
Let r = -8 - -10. Let o(z) = -z**3 + 3*z**2 - 2. Let x be o(r). What is the remainder when (34/(-6))/(x/(-6)) is divided by 10?
7
Suppose 0 = 3*d + 6, 6 = n + d - 2*d. Suppose 0 = 3*p + 2*a - 269, -3*p = -0*p - n*a - 245. What is the remainder when p is divided by 44?
43
Suppose -41*z + 165 + 163 = 0. Calculate the remainder when 15 is divided by z.
7
Let f = -33 + 56. Calculate the remainder when f is divided by (-15 + 4 + 5 - 3)/(-2 + 1).
5
Suppose -63 = -36*z + 33*z. Calculate the remainder when (-1)/(-2) + 161/2 is divided by z.
18
Let o(y) = -y**2 - 2*y - 27. Let d be o(0). Let z = 56 - d. Suppose 0 = -b - 3*l + 4*l + 15, 4*b - 5*l = 58. What is